s 729890137 a composite number?
False
Is 3570348931 prime?
True
Is 16085560199 prime?
True
Is 519262907 a composite number?
False
Is 23093083153 prime?
False
Is 8366254063 prime?
False
Is 13888975627 composite?
False
Is 12036191957 prime?
False
Is 2208924259 a prime number?
True
Is 7913147 prime?
False
Is 4898875067 a composite number?
False
Is 13662252493 a prime number?
True
Is 2021308706 a prime number?
False
Is 13126989013 composite?
True
Is 909714457 a composite number?
False
Is 4056660319 prime?
True
Is 26781682189 prime?
False
Is 8236460641 prime?
False
Is 8856255899 prime?
True
Is 988291131 a prime number?
False
Is 1313853259 composite?
False
Is 408496999 a prime number?
False
Is 23096438273 composite?
True
Is 2951291621 a prime number?
False
Is 2298401713 composite?
False
Is 1462666157 a composite number?
False
Is 24048848279 a prime number?
False
Is 38960354 a composite number?
True
Is 1312782839 composite?
False
Is 6937053127 a prime number?
True
Is 2567937014 a composite number?
True
Is 1674902531 prime?
True
Is 6486129857 composite?
False
Is 11634900763 prime?
True
Is 21752792489 a composite number?
True
Is 286127227 a composite number?
False
Is 4503928477 a prime number?
True
Is 20198957047 composite?
False
Is 387773377 prime?
False
Is 1186364429 a prime number?
False
Is 217702481 prime?
False
Is 7091949379 a prime number?
True
Is 4553993023 prime?
False
Is 13813711127 a prime number?
False
Is 64310906291 composite?
True
Is 708469087 composite?
False
Is 43046736301 a composite number?
False
Is 665775191 a composite number?
False
Is 217680311 a composite number?
False
Is 79942888643 a composite number?
False
Is 2745765833 composite?
True
Is 1688399507 composite?
False
Is 5397855803 composite?
False
Is 14988009 a composite number?
True
Is 182414753 a composite number?
False
Is 240596659 prime?
True
Is 51166884761 a prime number?
False
Is 9855342647 a composite number?
True
Is 11975116973 a prime number?
False
Is 132263533 a prime number?
True
Is 18939676663 a composite number?
False
Is 428440039 prime?
False
Is 55316137 composite?
True
Is 438871561 a prime number?
True
Is 98019851221 a composite number?
True
Is 6780897863 a prime number?
True
Is 76048051517 composite?
True
Is 903399031 a prime number?
True
Is 871651007 a prime number?
True
Is 3023401279 composite?
False
Is 151404181 composite?
False
Is 1951998547 a composite number?
False
Is 59754007567 a prime number?
False
Is 337297209 a prime number?
False
Is 126100493 prime?
True
Is 151729033 a composite number?
True
Is 93962173 a prime number?
True
Is 186569843 prime?
False
Is 1149186679 composite?
True
Is 23567463573 prime?
False
Is 585399047 a prime number?
False
Is 23812220881 a prime number?
True
Is 36306835951 composite?
True
Is 1544637067 composite?
False
Is 31651088891 a prime number?
True
Is 30004743001 composite?
True
Is 54241796821 prime?
True
Is 6617345681 prime?
True
Is 853653791 a prime number?
True
Is 13266535153 prime?
True
Is 11046037517 composite?
False
Is 2817378319 prime?
False
Is 154650593 composite?
False
Is 21988410733 a prime number?
True
Is 5266944967 a composite number?
False
Is 456501037 prime?
True
Is 305673385 a composite number?
True
Is 2470699631 a prime number?
False
Is 621206813 prime?
False
Is 163864562467 a composite number?
True
Is 7582147759 a composite number?
True
Is 1958821861 prime?
True
Is 145856237 a prime number?
True
Is 369866503 prime?
True
Is 394152163 composite?
False
Is 2601364223 a prime number?
True
Is 1719903461 a composite number?
False
Is 1087807559 a composite number?
True
Is 284272213 composite?
False
Is 1244109253 a composite number?
False
Is 4479300499 prime?
True
Is 1689626501 composite?
False
Is 154110427 composite?
False
Is 253463873 a prime number?
False
Is 339844429 composite?
False
Is 2458798267 prime?
True
Is 1244264491 prime?
True
Is 3038154667 a composite number?
False
Is 7030103981 composite?
False
Is 8590454573 a prime number?
False
Is 2140177159 a composite number?
False
Is 1469942713 composite?
False
Is 49204258583 a prime number?
True
Is 139279711 a composite number?
True
Is 154288264357 a composite number?
True
Is 6848333029 a composite number?
True
Is 10549687523 a composite number?
False
Is 4268793263 a prime number?
False
Is 75475883837 a composite number?
False
Is 15894173467 composite?
True
Is 70210342 prime?
False
Is 1374029359 composite?
True
Is 1373720389 prime?
True
Is 100507567 a composite number?
False
Is 77189575711 prime?
True
Is 1908193621 a composite number?
False
Is 37571663 a prime number?
False
Is 61910715761 a prime number?
True
Is 3059854561 a prime number?
False
Is 111172189859 a prime number?
False
Is 4272420479 composite?
True
Is 5147279537 prime?
True
Is 335004199 a composite number?
True
Is 182972362 a composite number?
True
Is 3740758447 prime?
True
Is 38951805707 a composite number?
True
Is 2626973969 prime?
False
Is 2681251 composite?
True
Is 93886330909 composite?
True
Is 77016539 a composite number?
False
Is 4838348369 a composite number?
False
Is 53909836061 a prime number?
False
Is 124897812581 a composite number?
False
Is 70983972473 a composite number?
False
Is 1302628321 prime?
True
Is 48746728469 composite?
False
Is 77255663 a prime number?
True
Is 159211731559 prime?
True
Is 725258209 composite?
True
Is 184057859 a composite number?
True
Is 1131794877 composite?
True
Is 58737200387 a composite number?
True
Is 4772721379 a prime number?
True
Is 5555432263 a prime number?
True
Is 32696559551 prime?
True
Is 66609798707 prime?
False
Is 7524351827 a prime number?
False
Is 1546468705 composite?
True
Is 58666526707 composite?
False
Is 137820864931 composite?
True
Is 757524533 a prime number?
False
Is 39872148761 a composite number?
False
Is 1294302739 a composite number?
False
Is 656240969 a composite number?
False
Is 3422745311 composite?
True
Is 157831991 prime?
True
Is 2472926221 composite?
True
Is 196683901 a prime number?
False
Is 40620907181 a prime number?
True
Is 7970070547 composite?
True
Is 4593831059 a prime number?
True
Is 2947339999 a composite number?
False
Is 76009397 composite?
True
Is 2441498361 a composite number?
True
Is 59705224591 composite?
True
Is 250783916699 prime?
True
Is 181657854341 prime?
True
Is 4406443823 a composite number?
False
Is 1200122203 prime?
False
Is 368177141 prime?
True
Is 2328247729 composite?
True
Is 1169691673 prime?
True
Is 460582219 composite?
False
Is 7075113889 prime?
True
Is 2811258971 a prime number?
True
Is 6390893738 prime?
False
Is 46906100959 composite?
False
Is 7643044031 a prime number?
False
Is 10700162051 composite?
True
Is 3082272899 composite?
True
Is 7654048147 composite?
False
Is 8448891119 a prime number?
False
Is 310058713 composite?
True
Is 235889648978 prime?
False
Is 2004820403 a prime number?
True
Is 13654036947 a prime number?
False
Is 4822679789 a composite number?
True
Is 250198045 a prime number?
False
Is 23408884873 a composite number?
True
Is 19431119563 a composite number?
False
Is 595438831 prime?
False
Is 61593923117 a composite number?
False
Is 7984312241 a prime number?
True
Is 11348261027 composite?
False
Is 16590935891 prime?
True
Is 4700179353 prime?
False
Is 405890627 a composite number?
False
Is 18708587137 a composite number?
False
Is 74009235947 a composite number?
False
Is 65468251 composite?
True
Is 8063825171 composite?
False
Is 567782987 a composite number?
False
Is 11651341267 composite?
False
Is 1590298573 a prime number?
False
Is 5345907937 composite?
True
Is 20018656199 a composite number?
True
Is 6200835229 a composite number?
False
Is 1617469033 a prime number?
False
Is 10301416421 a composite number?
False
Is 5051644033 a composite number?
False
Is 28594607527 prime?
True
Is 664332049 a composite number?
True
Is 2942007509 a prime number?
False
Is 288627557 a prime number?
False
Is 22303150721 a composite number?
True
Is 9229074609 composite?
True
Is 5874230179 a composite number?
False
Is 8214667247 prime?
True
Is 2552396153 prime?
False
Is 1296450257 a composite number?
False
Is 2110942763 prime?
True
Is 12945798143 prime?
False
Is 485692057 a composite number?
True
Is 44500301 a composite number?
False
Is 95720977337 a composite number?
False
Is 9079112279 a composite num